{"id":1253,"date":"2017-03-13T21:45:09","date_gmt":"2017-03-13T20:45:09","guid":{"rendered":"https:\/\/www.vojta.com.pl\/?page_id=1253"},"modified":"2019-02-14T01:46:17","modified_gmt":"2019-02-14T00:46:17","slug":"wladze-stowarzyszenia","status":"publish","type":"page","link":"https:\/\/www.vojta.com.pl\/index.php\/stowarzyszenie\/wladze-stowarzyszenia\/","title":{"rendered":"W\u0141ADZE POLSKIEGO TOWARZYSTWA TERAPEUT\u00d3W METODY VOJTY"},"content":{"rendered":"<p style=\"text-align: left;\"><strong><em>ZARZ\u0104D:<\/em><\/strong><\/p>\n<p><strong><em>Prezes<\/em><\/strong><strong> Grzegorz Serkies<\/strong><\/p>\n<p>mail: <a href=\"mailto:grzegorz.serkies@vojta.com.pl\">grzegorz.serkies@vojta.com.pl<\/a><\/p>\n<p>tel.: +48 506 06 75 64<\/p>\n<p><strong><em><br>Wiceprezes<\/em><\/strong><strong> Pawe\u0142 Koz\u0142owski<\/strong><\/p>\n<p>mail: <a href=\"mailto:pawel.kozlowski@vojta.com.pl\">pawel.kozlowski@vojta.com.pl<\/a><\/p>\n<p>tel.: +48 693 67 08 90<\/p>\n<p><strong><em><br>Cz\u0142onek Zarz\u0105du <\/em><\/strong><strong>Anna Fonfara<\/strong><\/p>\n<p>mail: <a href=\"mailto:anna.fonfara@vojta.com.pl\">anna.fonfara@vojta.com.pl<\/a><\/p>\n<p>tel.: +48 505 82 60 46<\/p>\n<p><strong><em><br>Skarbnik <\/em><\/strong><strong>Ewelina Gasz<\/strong><\/p>\n<p>mail: <a href=\"mailto:skarbnik@vojta.com.pl\">skarbnik@vojta.com.pl<\/a><\/p>\n<p>tel.: +48 504 27 58 84<\/p>\n<p>&nbsp;<\/p>\n<p><strong><em>KOMISJA REWIZYJNA:<\/em><\/strong><\/p>\n<p><strong>Beata Sikora<\/strong><\/p>\n<p>mail: <a href=\"mailto:beata.sikora@vojta.com.pl\">beata.sikora@vojta.com.pl<\/a><\/p>\n<p><strong>Anita Haralabidis<\/strong><\/p>\n<p>mail: <a href=\"mailto:anita.haralabidis@vojta.com.pl\">anita.haralabidis@vojta.com.pl<\/a><\/p>\n<p><strong>Lucyna Wittbrodt<\/strong><\/p>\n<p>mail: <a href=\"mailto:lucyna.wittbrodt@vojta.com.pl\">lucyna.wittbrodt@vojta.com.pl<\/a><\/p>\n<p><strong>Artur Polczyk<\/strong><\/p>\n<p>mail: <a href=\"mailto:artur.polczyk@vojta.com.pl\">artur.polczyk@vojta.com.pl<\/a><\/p>\n<p><strong>Sebastian Ni\u017anik<\/strong><\/p>\n<p>mail: <a href=\"mailto:sebastian.niznik@vojta.com.pl\">sebastian.niznik@vojta.com.pl<\/a><\/p>\n<p><strong>\u0141ukasz Argier<\/strong><\/p>\n<p>mail: <a href=\"mailto:lukasz.argier@vojta.com.pl\">lukasz.argier@vojta.com.pl<\/a><\/p>\n<p>&nbsp;<\/p>\n<p><strong><em>W\u0141ADZE ODDZIA\u0141\u00d3W<\/em><\/strong><\/p>\n<p>&nbsp;<\/p>\n<p>&nbsp;<\/p>\n<p><strong><em>SEKCJE<\/em><\/strong><\/p>\n\n\n<p><\/p>\n","protected":false},"excerpt":{"rendered":"<p>ZARZ\u0104D: Prezes Grzegorz Serkies mail: grzegorz.serkies@vojta.com.pl tel.: +48 506 06 75 64 Wiceprezes Pawe\u0142 Koz\u0142owski mail: pawel.kozlowski@vojta.com.pl tel.: +48 693 67 08 90 Cz\u0142onek Zarz\u0105du Anna Fonfara mail: anna.fonfara@vojta.com.pl tel.: +48 505 82 60 46 Skarbnik Ewelina Gasz mail: skarbnik@vojta.com.pl tel.: +48 504 27 58 84 &nbsp; KOMISJA REWIZYJNA: Beata Sikora mail: beata.sikora@vojta.com.pl Anita Haralabidis [&hellip;]<\/p>\n","protected":false},"author":1,"featured_media":0,"parent":1245,"menu_order":0,"comment_status":"closed","ping_status":"closed","template":"","meta":{"_bbp_topic_count":0,"_bbp_reply_count":0,"_bbp_total_topic_count":0,"_bbp_total_reply_count":0,"_bbp_voice_count":0,"_bbp_anonymous_reply_count":0,"_bbp_topic_count_hidden":0,"_bbp_reply_count_hidden":0,"_bbp_forum_subforum_count":0,"footnotes":""},"class_list":["post-1253","page","type-page","status-publish","hentry"],"_links":{"self":[{"href":"https:\/\/www.vojta.com.pl\/index.php\/wp-json\/wp\/v2\/pages\/1253","targetHints":{"allow":["GET"]}}],"collection":[{"href":"https:\/\/www.vojta.com.pl\/index.php\/wp-json\/wp\/v2\/pages"}],"about":[{"href":"https:\/\/www.vojta.com.pl\/index.php\/wp-json\/wp\/v2\/types\/page"}],"author":[{"embeddable":true,"href":"https:\/\/www.vojta.com.pl\/index.php\/wp-json\/wp\/v2\/users\/1"}],"replies":[{"embeddable":true,"href":"https:\/\/www.vojta.com.pl\/index.php\/wp-json\/wp\/v2\/comments?post=1253"}],"version-history":[{"count":4,"href":"https:\/\/www.vojta.com.pl\/index.php\/wp-json\/wp\/v2\/pages\/1253\/revisions"}],"predecessor-version":[{"id":3714,"href":"https:\/\/www.vojta.com.pl\/index.php\/wp-json\/wp\/v2\/pages\/1253\/revisions\/3714"}],"up":[{"embeddable":true,"href":"https:\/\/www.vojta.com.pl\/index.php\/wp-json\/wp\/v2\/pages\/1245"}],"wp:attachment":[{"href":"https:\/\/www.vojta.com.pl\/index.php\/wp-json\/wp\/v2\/media?parent=1253"}],"curies":[{"name":"wp","href":"https:\/\/api.w.org\/{rel}","templated":true}]}}