{"id":12539,"date":"2026-03-07T23:53:38","date_gmt":"2026-03-07T22:53:38","guid":{"rendered":"https:\/\/www.vojta.com.pl\/?page_id=12539"},"modified":"2026-03-07T23:53:39","modified_gmt":"2026-03-07T22:53:39","slug":"lukasz-argier","status":"publish","type":"page","link":"https:\/\/www.vojta.com.pl\/index.php\/lukasz-argier\/","title":{"rendered":"\u0141ukasz Argier"},"content":{"rendered":"\n<p>\u0141ukasz Argier, dr n. med. i n. o zdr.<\/p>\n\n\n\n<p>Fizjoterapeuta, nauczyciel i terapeuta metody Vojty<\/p>\n\n\n\n<p>Swoj\u0105 drog\u0119 zawodow\u0105 z metod\u0105 Vojty rozpocz\u0105\u0142em w 2014 roku, uczestnicz\u0105c w kursie terapii dla doros\u0142ych organizowanym przez Internationale Vojta Geselshaft we Wroc\u0142awiu. Pocz\u0105tkowo koncentrowa\u0142em si\u0119 na pracy z pacjentami doros\u0142ymi z zaburzeniami neurologicznymi \u2013 osobami po udarach, urazach o\u015brodkowego uk\u0142adu nerwowego oraz z chorobami neurodegeneracyjnymi.<\/p>\n\n\n\n<p>Z czasem zakres mojej praktyki rozszerzy\u0142 si\u0119 o pacjent\u00f3w z r\u00f3\u017cnorodnymi problemami funkcjonalnymi: zespo\u0142ami b\u00f3lowymi, dysfunkcjami przeci\u0105\u017ceniowymi, sportowc\u00f3w po urazach, osoby po wypadkach komunikacyjnych, a tak\u017ce dzieci z zaburzeniami rozwoju i dysfunkcjami neurologicznymi. Niezale\u017cnie od wieku pacjenta, w swojej pracy koncentruj\u0119 si\u0119 na analizie jako\u015bci ruchu, kontroli posturalnej oraz poszukiwaniu pierwotnych przyczyn zaburze\u0144.<\/p>\n\n\n\n<p>Wieloletnia praktyka kliniczna sta\u0142a si\u0119 inspiracj\u0105 do podj\u0119cia bada\u0144 naukowych nad wp\u0142ywem terapii metod\u0105 Vojty na parametry chodu u os\u00f3b ze stwardnieniem rozsianym (SM). Trzyletni projekt badawczy pod okiem Prof. Jakuba Taradaja i Dr Roberta Dymarka zako\u0144czy\u0142 si\u0119 obron\u0105 rozprawy doktorskiej na Uniwersytet Medyczny we Wroc\u0142awiu i uzyskaniem stopnia doktora nauk medycznych i nauk o zdrowiu.<\/p>\n\n\n\n<p>Obecnie, jako nauczyciel metody Vojty, prowadz\u0119 szkolenia i wsp\u00f3\u0142uczestnicz\u0119 w kszta\u0142ceniu terapeut\u00f3w, przekazuj\u0105c wiedz\u0119 zar\u00f3wno w obszarze klinicznym, jak i naukowym. Szczeg\u00f3ln\u0105 wag\u0119 przyk\u0142adam do precyzji diagnostyki funkcjonalnej, jako\u015bci stymulacji oraz rozumienia neurofizjologicznych podstaw odruchowej lokomocji.<\/p>\n\n\n\n<p>W pracy terapeutycznej \u0142\u0105cz\u0119 do\u015bwiadczenie kliniczne, refleksj\u0119 naukow\u0105 oraz praktyk\u0119 dydaktyczn\u0105. Uwa\u017cam, \u017ce skuteczna terapia wymaga nie tylko techniki, ale r\u00f3wnie\u017c g\u0142\u0119bokiego rozumienia mechanizm\u00f3w kontroli posturalnej i rozwoju ruchowego.<\/p>\n\n\n\n<p>Prywatnie pasjonuj\u0119 si\u0119 g\u00f3rskimi w\u0119dr\u00f3wkami po\u0142\u0105czonymi z elementami wspinaczki oraz trenuj\u0119 brazylijskie jiu-jitsu (BJJ). Sport jest dla mnie przestrzeni\u0105 ci\u0105g\u0142ego do\u015bwiadczania ruchu i jego biomechaniki, na tej p\u0142aszczy\u017anie staram si\u0119 r\u00f3wnie\u017c rozwija\u0107 swoje umiej\u0119tno\u015bci i konfrontowa\u0107 je podczas startu w zawodach.&nbsp;<\/p>\n","protected":false},"excerpt":{"rendered":"<p>\u0141ukasz Argier, dr n. med. i n. o zdr. Fizjoterapeuta, nauczyciel i terapeuta metody Vojty Swoj\u0105 drog\u0119 zawodow\u0105 z metod\u0105 Vojty rozpocz\u0105\u0142em w 2014 roku, uczestnicz\u0105c w kursie terapii dla doros\u0142ych organizowanym przez Internationale Vojta Geselshaft we Wroc\u0142awiu. Pocz\u0105tkowo koncentrowa\u0142em si\u0119 na pracy z pacjentami doros\u0142ymi z zaburzeniami neurologicznymi \u2013 osobami po udarach, urazach o\u015brodkowego [&hellip;]<\/p>\n","protected":false},"author":794,"featured_media":0,"parent":0,"menu_order":0,"comment_status":"closed","ping_status":"closed","template":"","meta":{"_bbp_topic_count":0,"_bbp_reply_count":0,"_bbp_total_topic_count":0,"_bbp_total_reply_count":0,"_bbp_voice_count":0,"_bbp_anonymous_reply_count":0,"_bbp_topic_count_hidden":0,"_bbp_reply_count_hidden":0,"_bbp_forum_subforum_count":0,"footnotes":""},"class_list":["post-12539","page","type-page","status-publish","hentry"],"_links":{"self":[{"href":"https:\/\/www.vojta.com.pl\/index.php\/wp-json\/wp\/v2\/pages\/12539","targetHints":{"allow":["GET"]}}],"collection":[{"href":"https:\/\/www.vojta.com.pl\/index.php\/wp-json\/wp\/v2\/pages"}],"about":[{"href":"https:\/\/www.vojta.com.pl\/index.php\/wp-json\/wp\/v2\/types\/page"}],"author":[{"embeddable":true,"href":"https:\/\/www.vojta.com.pl\/index.php\/wp-json\/wp\/v2\/users\/794"}],"replies":[{"embeddable":true,"href":"https:\/\/www.vojta.com.pl\/index.php\/wp-json\/wp\/v2\/comments?post=12539"}],"version-history":[{"count":1,"href":"https:\/\/www.vojta.com.pl\/index.php\/wp-json\/wp\/v2\/pages\/12539\/revisions"}],"predecessor-version":[{"id":12540,"href":"https:\/\/www.vojta.com.pl\/index.php\/wp-json\/wp\/v2\/pages\/12539\/revisions\/12540"}],"wp:attachment":[{"href":"https:\/\/www.vojta.com.pl\/index.php\/wp-json\/wp\/v2\/media?parent=12539"}],"curies":[{"name":"wp","href":"https:\/\/api.w.org\/{rel}","templated":true}]}}