{"id":6433,"date":"2022-03-01T17:15:32","date_gmt":"2022-03-01T16:15:32","guid":{"rendered":"https:\/\/www.vojta.com.pl\/?page_id=6433"},"modified":"2022-03-01T17:15:32","modified_gmt":"2022-03-01T16:15:32","slug":"michal-janczewski","status":"publish","type":"page","link":"https:\/\/www.vojta.com.pl\/index.php\/michal-janczewski\/","title":{"rendered":"Micha\u0142 Janczewski"},"content":{"rendered":"\n<p>Poradnia Psychologiczno &#8211; Pedagogiczna w Myszy\u0144cu, <br>MJ Fizjoterapia Micha\u0142 Janczewski, Gabinet Sensus- Ostro\u0142\u0119ka, <br><a href=\"mailto:michal.janczewski@wp.pl\">michal.janczewski@wp.pl<\/a> <br>tel. 793779079.<\/p>\n\n\n\n<figure class=\"wp-block-gallery has-nested-images columns-default is-cropped wp-block-gallery-1 is-layout-flex wp-block-gallery-is-layout-flex\">\n<figure class=\"wp-block-image size-large\"><img loading=\"lazy\" decoding=\"async\" width=\"592\" height=\"1024\" data-id=\"6434\" src=\"https:\/\/www.vojta.com.pl\/wp-content\/uploads\/2022\/03\/IMG_20220228_100154-592x1024.jpg\" alt=\"\" class=\"wp-image-6434\" srcset=\"https:\/\/www.vojta.com.pl\/wp-content\/uploads\/2022\/03\/IMG_20220228_100154-592x1024.jpg 592w, https:\/\/www.vojta.com.pl\/wp-content\/uploads\/2022\/03\/IMG_20220228_100154-173x300.jpg 173w, https:\/\/www.vojta.com.pl\/wp-content\/uploads\/2022\/03\/IMG_20220228_100154-768x1329.jpg 768w, https:\/\/www.vojta.com.pl\/wp-content\/uploads\/2022\/03\/IMG_20220228_100154-888x1536.jpg 888w, https:\/\/www.vojta.com.pl\/wp-content\/uploads\/2022\/03\/IMG_20220228_100154-1183x2048.jpg 1183w, https:\/\/www.vojta.com.pl\/wp-content\/uploads\/2022\/03\/IMG_20220228_100154-scaled.jpg 1479w\" sizes=\"auto, (max-width: 592px) 100vw, 592px\" \/><\/figure>\n<\/figure>\n","protected":false},"excerpt":{"rendered":"<p>Poradnia Psychologiczno &#8211; Pedagogiczna w Myszy\u0144cu, MJ Fizjoterapia Micha\u0142 Janczewski, Gabinet Sensus- Ostro\u0142\u0119ka, michal.janczewski@wp.pl tel. 793779079.<\/p>\n","protected":false},"author":1,"featured_media":0,"parent":0,"menu_order":0,"comment_status":"closed","ping_status":"closed","template":"","meta":{"_bbp_topic_count":0,"_bbp_reply_count":0,"_bbp_total_topic_count":0,"_bbp_total_reply_count":0,"_bbp_voice_count":0,"_bbp_anonymous_reply_count":0,"_bbp_topic_count_hidden":0,"_bbp_reply_count_hidden":0,"_bbp_forum_subforum_count":0,"footnotes":""},"class_list":["post-6433","page","type-page","status-publish","hentry"],"_links":{"self":[{"href":"https:\/\/www.vojta.com.pl\/index.php\/wp-json\/wp\/v2\/pages\/6433","targetHints":{"allow":["GET"]}}],"collection":[{"href":"https:\/\/www.vojta.com.pl\/index.php\/wp-json\/wp\/v2\/pages"}],"about":[{"href":"https:\/\/www.vojta.com.pl\/index.php\/wp-json\/wp\/v2\/types\/page"}],"author":[{"embeddable":true,"href":"https:\/\/www.vojta.com.pl\/index.php\/wp-json\/wp\/v2\/users\/1"}],"replies":[{"embeddable":true,"href":"https:\/\/www.vojta.com.pl\/index.php\/wp-json\/wp\/v2\/comments?post=6433"}],"version-history":[{"count":1,"href":"https:\/\/www.vojta.com.pl\/index.php\/wp-json\/wp\/v2\/pages\/6433\/revisions"}],"predecessor-version":[{"id":6435,"href":"https:\/\/www.vojta.com.pl\/index.php\/wp-json\/wp\/v2\/pages\/6433\/revisions\/6435"}],"wp:attachment":[{"href":"https:\/\/www.vojta.com.pl\/index.php\/wp-json\/wp\/v2\/media?parent=6433"}],"curies":[{"name":"wp","href":"https:\/\/api.w.org\/{rel}","templated":true}]}}